{"id":9,"date":"2018-09-13T18:45:17","date_gmt":"2018-09-13T18:45:17","guid":{"rendered":"https:\/\/www.gruene-davos.ch\/?page_id=9"},"modified":"2026-02-27T21:52:10","modified_gmt":"2026-02-27T20:52:10","slug":"ueber-mich","status":"publish","type":"page","link":"https:\/\/www.gruene-davos.ch\/index.php\/ueber-mich\/","title":{"rendered":"\u00dcber Verda Davos"},"content":{"rendered":"<p>Verda Davos ist die lokale Sektion von <a href=\"https:\/\/www.gruene-gr.ch\/\">Verda, Gr\u00fcnes Graub\u00fcnden<\/a>, der kantonalen Sektion der <a href=\"https:\/\/www.gruene.ch\/gruene\/de.html\">Gr\u00fcnen Schweiz<\/a>.<\/p>\n<p>Das Sekretariat wird von Rolf Marugg gef\u00fchrt.<\/p>\n<p>Kontakt nimmt man am besten per E-Mail pedercapeder[aet]yahoo.de oder per Telefon +41 79 415 62 57 auf.<\/p>\n<p>Engagierte Leute sind herzlich willkommen.<\/p>\n\n\n<p><\/p>\n","protected":false},"excerpt":{"rendered":"<p>Verda Davos ist die lokale Sektion von Verda, Gr\u00fcnes Graub\u00fcnden, der kantonalen Sektion der Gr\u00fcnen Schweiz. Das Sekretariat wird von Rolf Marugg gef\u00fchrt. Kontakt nimmt man am besten per E-Mail pedercapeder[aet]yahoo.de oder per Telefon +41 79 415 62 57 auf. Engagierte Leute sind herzlich willkommen. <a class=\"read-more\" href=\"https:\/\/www.gruene-davos.ch\/index.php\/ueber-mich\/\">&raquo;&nbsp;Weiterlesen<\/a><\/p>\n","protected":false},"author":1,"featured_media":0,"parent":0,"menu_order":0,"comment_status":"closed","ping_status":"closed","template":"","meta":[],"_links":{"self":[{"href":"https:\/\/www.gruene-davos.ch\/index.php\/wp-json\/wp\/v2\/pages\/9"}],"collection":[{"href":"https:\/\/www.gruene-davos.ch\/index.php\/wp-json\/wp\/v2\/pages"}],"about":[{"href":"https:\/\/www.gruene-davos.ch\/index.php\/wp-json\/wp\/v2\/types\/page"}],"author":[{"embeddable":true,"href":"https:\/\/www.gruene-davos.ch\/index.php\/wp-json\/wp\/v2\/users\/1"}],"replies":[{"embeddable":true,"href":"https:\/\/www.gruene-davos.ch\/index.php\/wp-json\/wp\/v2\/comments?post=9"}],"version-history":[{"count":4,"href":"https:\/\/www.gruene-davos.ch\/index.php\/wp-json\/wp\/v2\/pages\/9\/revisions"}],"predecessor-version":[{"id":52,"href":"https:\/\/www.gruene-davos.ch\/index.php\/wp-json\/wp\/v2\/pages\/9\/revisions\/52"}],"wp:attachment":[{"href":"https:\/\/www.gruene-davos.ch\/index.php\/wp-json\/wp\/v2\/media?parent=9"}],"curies":[{"name":"wp","href":"https:\/\/api.w.org\/{rel}","templated":true}]}}

Über Verda Davos

<p>Verda Davos ist die lokale Sektion von <a href="https://www.gruene-gr.ch/">Verda, Grünes Graubünden</a>, der kantonalen Sektion der <a href="https://www.gruene.ch/gruene/de.html">Grünen Schweiz</a>.</p>
<p>Das Sekretariat wird von Rolf Marugg geführt.</p>
<p>Kontakt nimmt man am besten per E-Mail pedercapeder[aet]yahoo.de oder per Telefon +41 79 415 62 57 auf.</p>
<p>Engagierte Leute sind herzlich willkommen.</p>


<p></p>

<p>Verda Davos ist die lokale Sektion von Verda, Grünes Graubünden, der kantonalen Sektion der Grünen Schweiz. Das Sekretariat wird von Rolf Marugg geführt. Kontakt nimmt man am besten per E-Mail pedercapeder[aet]yahoo.de oder per Telefon +41 79 415 62 57 auf. Engagierte Leute sind herzlich willkommen. <a class="read-more" href="https://www.gruene-davos.ch/index.php/ueber-mich/">&raquo;&nbsp;Weiterlesen</a></p>
