{"id":8,"date":"2018-09-13T18:45:17","date_gmt":"2018-09-13T18:45:17","guid":{"rendered":"https:\/\/www.gruene-davos.ch\/?page_id=8"},"modified":"2018-09-13T21:50:27","modified_gmt":"2018-09-13T19:50:27","slug":"startseite","status":"publish","type":"page","link":"https:\/\/www.gruene-davos.ch\/","title":{"rendered":"Willkommen bei Verda Davos"},"content":{"rendered":"<p>Es freut uns, dass Sie es auf unsere Internetseite geschafft haben.<\/p>\n<p>Die Seite wird gerade neu konzipiert, was noch dauern k\u00f6nnte.<\/p>\n<p>Deshalb m\u00f6chten wir Sie auf unseren <a href=\"https:\/\/www.facebook.com\/pg\/Gr\u00fcne-Davos-1176930652361990\/posts\/\">Facebook-Auftritt<\/a> hinweisen, wo Sie die aktuellen Nachrichten finden k\u00f6nnen.<\/p>\n<p>Ebenso versuchen wir den <a href=\"https:\/\/www.gruene-davos.ch\/index.php\/blog\/\">Blog<\/a> ajour zu halten.<\/p>\n<p>&nbsp;<\/p>\n","protected":false},"excerpt":{"rendered":"<p>Es freut uns, dass Sie es auf unsere Internetseite geschafft haben. Die Seite wird gerade neu konzipiert, was noch dauern k\u00f6nnte. Deshalb m\u00f6chten wir Sie auf unseren Facebook-Auftritt hinweisen, wo Sie die aktuellen Nachrichten finden k\u00f6nnen. Ebenso versuchen wir den Blog ajour zu halten. &nbsp; <a class=\"read-more\" href=\"https:\/\/www.gruene-davos.ch\/\">&raquo;&nbsp;Weiterlesen<\/a><\/p>\n","protected":false},"author":1,"featured_media":0,"parent":0,"menu_order":0,"comment_status":"closed","ping_status":"closed","template":"","meta":[],"_links":{"self":[{"href":"https:\/\/www.gruene-davos.ch\/index.php\/wp-json\/wp\/v2\/pages\/8"}],"collection":[{"href":"https:\/\/www.gruene-davos.ch\/index.php\/wp-json\/wp\/v2\/pages"}],"about":[{"href":"https:\/\/www.gruene-davos.ch\/index.php\/wp-json\/wp\/v2\/types\/page"}],"author":[{"embeddable":true,"href":"https:\/\/www.gruene-davos.ch\/index.php\/wp-json\/wp\/v2\/users\/1"}],"replies":[{"embeddable":true,"href":"https:\/\/www.gruene-davos.ch\/index.php\/wp-json\/wp\/v2\/comments?post=8"}],"version-history":[{"count":5,"href":"https:\/\/www.gruene-davos.ch\/index.php\/wp-json\/wp\/v2\/pages\/8\/revisions"}],"predecessor-version":[{"id":39,"href":"https:\/\/www.gruene-davos.ch\/index.php\/wp-json\/wp\/v2\/pages\/8\/revisions\/39"}],"wp:attachment":[{"href":"https:\/\/www.gruene-davos.ch\/index.php\/wp-json\/wp\/v2\/media?parent=8"}],"curies":[{"name":"wp","href":"https:\/\/api.w.org\/{rel}","templated":true}]}}

<p>Es freut uns, dass Sie es auf unsere Internetseite geschafft haben.</p>
<p>Die Seite wird gerade neu konzipiert, was noch dauern könnte.</p>
<p>Deshalb möchten wir Sie auf unseren <a href="https://www.facebook.com/pg/Grüne-Davos-1176930652361990/posts/">Facebook-Auftritt</a> hinweisen, wo Sie die aktuellen Nachrichten finden können.</p>
<p>Ebenso versuchen wir den <a href="https://www.gruene-davos.ch/index.php/blog/">Blog</a> ajour zu halten.</p>
<p>&nbsp;</p>

<p>Es freut uns, dass Sie es auf unsere Internetseite geschafft haben. Die Seite wird gerade neu konzipiert, was noch dauern könnte. Deshalb möchten wir Sie auf unseren Facebook-Auftritt hinweisen, wo Sie die aktuellen Nachrichten finden können. Ebenso versuchen wir den Blog ajour zu halten. &nbsp; <a class="read-more" href="https://www.gruene-davos.ch/">&raquo;&nbsp;Weiterlesen</a></p>
